). What is the remainder when v(h) is divided by 3?
1
Suppose 28 = s - 2*p, -24 + 22 = s + 4*p. What is the remainder when 194 is divided by s?
14
Let l(b) = 120*b - 767. Suppose 4*x + 67 = 219. What is the remainder when l(7) is divided by x?
35
Let x(f) = f - f**2 - f**2 - 1 + 0*f**2 - 3*f + 2*f**3. What is the remainder when x(3) is divided by (-45)/(-6) + (1 - (-3)/(-6))?
5
Suppose 3*k = z - 41, 4*z - 118 - 114 = -5*k. Let c = -458 - -473. What is the remainder when z is divided by c?
8
Let t(n) = -3*n**3 - 3*n**2 + 4*n + 3. Let x(l) = 7*l**3 + 5*l**2 - 8*l - 5. Let y(r) = -5*t(r) - 2*x(r). What is the remainder when y(-4) is divided by 7?
6
Suppose 163 = 2*c - 3*z, -4*c + 332 = -25*z + 21*z. What is the remainder when 257 is divided by c?
85
Suppose -4*d = -t + 65 + 87, -464 = -3*t + 4*d. Suppose u - 11 = -5. Suppose -5*w - u = -r + 46, 4*w = -3*r + t. What is the remainder when r is divided by 11?
8
Let z(r) = -2*r**3 + 21*r**2 - 19*r - 4. Let m(w) = 2*w**3 - 13*w**2 + 10*w - 16. Let l be m(6). What is the remainder when z(l) is divided by 15?
14
What is the remainder when 86 is divided by 3/(-4) - 550/(-40)?
8
Let v = -11 - -12. Suppose -129 = -5*a + 6. Calculate the remainder when a is divided by 2/3*(v - -14).
7
Suppose 0 = l, 450 = -23*n + 26*n + 2*l. Calculate the remainder when n is divided by 47.
9
Suppose 2*z - 3*x - 662 = -597, 43 = z - 5*x. Suppose -2*k + 4*i = -16, -k - 3*i + 49 = 21. What is the remainder when z is divided by k?
12
Let l(s) = -8*s**2 - 3*s + 2. Let v be l(4). Let g be (-10680)/(-54) - 4/(-18). Let d = v + g. What is the remainder when d is divided by 31?
29
Suppose 2*t + h - 34 = 0, -t + 7*h - 4*h = -31. Calculate the remainder when 33 is divided by t.
14
Let v = 44 - 20. Suppose -h - 181*r + 61 = -178*r, 5*r + 5 = 0. What is the remainder when h is divided by v?
16
Let q be (-290)/(-3) + 4/(-6). Let z(v) = 42*v - 272. Let u be z(14). Suppose -u = -4*d + q. Calculate the remainder when d is divided by 26.
25
Let z = 29 - 8. Let i(m) = -m**3 - 14*m**2 - 20*m - 9. What is the remainder when i(-13) is divided by z?
19
Let b(i) = 10*i - 17. Let f(s) = s**2 + 10*s - 16. Let w(g) = -3*b(g) + 2*f(g). Calculate the remainder when w(7) is divided by 10.
7
Calculate the remainder when 935 is divided by (63 + 15)/(2/12*4).
116
Let u(i) = -19*i - 265. Calculate the remainder when u(-19) is divided by (-1)/(1/(-25 + 0)).
21
Suppose 49 = -l + 63. Calculate the remainder when 32 is divided by l.
4
Suppose -4*q = -0*q - 32. Let d(s) = -s + 8. Let u be d(q). Suppose 4 = -3*r + 4*l + 18, -l - 2 = u. What is the remainder when 7 is divided by r?
1
Let z be (4/(-4))/((-1)/(-2)). What is the remainder when (-3)/z*328/12 is divided by 22?
19
Suppose -3*h - 14 = -5*h. Let i = -4 + h. What is the remainder when i is divided by -1*(-3 + -3)/3?
1
Let h be 4/(-10) - 124/(-10). Let w be -4*(1 - h/2). Calculate the remainder when ((-5)/w)/(2/(-424)) is divided by 28.
25
Suppose 3*h = 6, 0 = -2*l + 3*h + 8 - 4. Suppose -3*t + 85 = g, 224 = 2*g + l*t + 58. Calculate the remainder when g is divided by 25.
23
Suppose 3*v + h = 3*h + 22, 0 = -3*v - 5*h - 13. Suppose v*q - 61 - 11 = 0. Let a = 12 - -23. Calculate the remainder when a is divided by q.
17
Let z(n) = n**2 + 9*n + 16. Let p be z(-7). Suppose 0 = p*d - 35 + 3. Calculate the remainder when 60 is divided by d.
12
Let b = 105 + -86. Calculate the remainder when 26 is divided by b.
7
Suppose -2*m + 5*l = -21, l - 6 - 33 = -5*m. Calculate the remainder when ((-20)/m + 1)*582/(-9) is divided by 9.
7
Suppose -146 = 19*w - 412. Suppose 0 = 5*t - 3*d + 7*d - 545, -3*t = -5*d - 327. What is the remainder when t is divided by w?
11
Let t(l) = -5*l**3 + 6*l**2 + 5*l + 2. Let b be t(-4). Suppose -6*u + b = 116. Calculate the remainder when u is divided by 16.
15
Suppose 2*a = -5*k + 266, 2*a - 2*k + 36 = 316. Let d = a - 82. What is the remainder when d is divided by 15?
11
Suppose 2*l + 4*f = 472, 3*f - 20 = -2*f. What is the remainder when l is divided by 21?
18
Let x(f) = -2*f - 7. Let d be x(-5). Suppose -59 - 22 = -d*q. What is the remainder when q is divided by -2*(14 - -1)/(1 - 3)?
12
Suppose 3*p + t = 79, 0 = p + 3*t + 5 - 42. Calculate the remainder when 94 is divided by p.
19
Let a be (-3)/(4/((-20)/3)). Let m be (4 + (1 - a))/(-1). Suppose 3*v + v - 120 = m. What is the remainder when v is divided by 16?
14
Let c = -26 + 20. Let t = c - -18. What is the remainder when 20 is divided by t?
8
Suppose -3*z + 2*n + 11 = 0, 5*z - n = 4*n + 15. Let j(a) = -5*a - 14. Let t be j(-9). Let p = t - 18. What is the remainder when p is divided by z?
3
Let n(g) = 9*g - 2. Let r(t) = t**3 - 2*t**2 - 43*t - 2. Calculate the remainder when r(8) is divided by n(2).
6
Suppose w - 4*x = 178, -w + 579 = 2*w + 3*x. What is the remainder when w is divided by 101?
89
Let t = 5 + 4. Let v(a) = a**3 + 13*a**2 + 14*a - 9. Let o be v(-11). Let j = -45 + o. Calculate the remainder when j is divided by t.
7
Let b = -163 + 277. Let u = 597 + -568. What is the remainder when b is divided by u?
27
Suppose 0 = -5*w + 4*s + 123, -5*s = -3*w - 3*s + 73. Suppose r - 792 = -8*r. Calculate the remainder when r is divided by w.
19
Let q(w) = w + 11. Let x be q(-11). Suppose -10*r + 3*r + 56 = x. What is the remainder when r is divided by 2?
0
Suppose 65 = 2*v + 3*f + 24, v + 3*f = 22. What is the remainder when 131 is divided by v?
17
Let z = 463 + 239. Suppose 0*t - z = -9*t. Let u(x) = -8*x - 5. What is the remainder when t is divided by u(-4)?
24
Let h be -3 + 9 - (0 + 0). Suppose -9*s = -h*s - 45. What is the remainder when 28 is divided by s?
13
Suppose 8 + 9 = v. Suppose -2*i = -v - 1. Suppose 14*g - 320 = i*g. Calculate the remainder when g is divided by 13.
12
Suppose -3*v = -4*v + 7. Suppose -10*o + 271 = -229. Calculate the remainder when o is divided by v.
1
Let y(b) = 6*b + 2. Let j(c) = -c. Let n(a) = 5*j(a) + y(a). Calculate the remainder when n(7) is divided by (-2)/14 - (-29)/7.
1
Let v = 373 + -334. Calculate the remainder when 271 is divided by v.
37
Let x = -2426 - -2767. Calculate the remainder when x is divided by 14.
5
Let v(k) = -k**3 - 4*k**2 - 4*k - 6. Let z be v(-4). Suppose -z = 3*o - 1, -5*o + 50 = q. What is the remainder when q is divided by 22?
21
Let h(c) = -c**3 - 3*c**2 + 9*c - 37. Calculate the remainder when 286 is divided by h(-6).
14
Let g(m) = -50 - 3*m + 11 + 14. What is the remainder when 118 is divided by g(-15)?
18
Suppose 0 = -3*f - 8*f + 11. Suppose 0 = 3*s - 4*s + 13. What is the remainder when 6/f*(8 - (-22)/(-11)) is divided by s?
10
Let t be (-106)/(-10) + 2/5. Let z(f) = 9*f - 106. Let d(u) = 3*u - 33. Let o(c) = 7*d(c) - 2*z(c). Calculate the remainder when 68 is divided by o(t).
12
Let u = 63 + -46. Suppose -3*m = -66 - 27. What is the remainder when m is divided by u?
14
Let r(l) = 4*l**2 + 5*l + 5. Suppose 3*n + h = -3*h - 18, 3*n = 3*h + 3. Calculate the remainder when 30 is divided by r(n).
8
Suppose 0 = -w - 0 + 3. Let q(k) = -k**3 + 4*k**2 - 3*k - 1. Let c be q(w). What is the remainder when 88 is divided by (-210)/(-49)*(c + 8)?
28
Suppose -1 = 2*z + 2*b + 3, 0 = z - 4*b + 7. What is the remainder when z*(-15)/(-6)*-2 is divided by 4 + 7 - (-1 + (-42)/(-7))?
3
Suppose 42*r + 110 = 52*r. What is the remainder when 164/8*2/1 is divided by r?
8
Suppose -6*s + 61 = -707. Suppose 3*u = 5*u - s. Suppose -199 = -5*y - u. What is the remainder when y is divided by 10?
7
Let s = 42 - 61. Let o = s - -32. Calculate the remainder when 51 is divided by o.
12
Suppose 626 = 14*m - 732. What is the remainder when m is divided by 83?
14
Let w(u) = -44*u. Let k = 71 - 28. Suppose 0*o - k = -g - 5*o, -89 = -3*g - 5*o. What is the remainder when w(-1) is divided by g?
21
Suppose -5*m = g - 8, 5*g - 43 = -3*m + 41. What is the remainder when g is divided by 5?
3
Suppose -4*j - 10 = 10. Let c be ((-1)/(-2))/(j/220). Let r = -13 - c. What is the remainder when 16 is divided by r?
7
Let b(y) = 15*y**2 - 327*y + 1. Calculate the remainder when b(22) is divided by (0 + -2)/((-4)/34).
16
Let d = -884 - -920. What is the remainder when 249 is divided by d?
33
Suppose -5*h - 45 + 105 = 0. Suppose -2*x + 0*x - 2*y = 6, 0 = -4*y - 12. What is the remainder when x + 2 + -4 + 47 is divided by